{"id":26050,"date":"2026-04-23T15:50:27","date_gmt":"2026-04-23T18:50:27","guid":{"rendered":"https:\/\/flist.org.br\/?page_id=26050"},"modified":"2026-04-23T16:33:52","modified_gmt":"2026-04-23T19:33:52","slug":"semifinalistas-26","status":"publish","type":"page","link":"https:\/\/flist.org.br\/index.php\/semifinalistas-26\/","title":{"rendered":"Semifinalistas concurso 2026"},"content":{"rendered":"<p>[et_pb_section fb_built=&#8221;1&#8243; _builder_version=&#8221;4.24.3&#8243; _module_preset=&#8221;default&#8221; custom_margin=&#8221;0px||0px||true|false&#8221; custom_padding=&#8221;0px||0px||true|false&#8221; global_colors_info=&#8221;{}&#8221;][et_pb_row use_custom_gutter=&#8221;on&#8221; gutter_width=&#8221;2&#8243; _builder_version=&#8221;4.27.6&#8243; _module_preset=&#8221;default&#8221; max_width=&#8221;90%&#8221; hover_enabled=&#8221;0&#8243; global_colors_info=&#8221;{}&#8221; width=&#8221;90%&#8221; sticky_enabled=&#8221;0&#8243;][et_pb_column type=&#8221;4_4&#8243; _builder_version=&#8221;4.24.3&#8243; _module_preset=&#8221;default&#8221; global_colors_info=&#8221;{}&#8221;][et_pb_text _builder_version=&#8221;4.27.6&#8243; _module_preset=&#8221;default&#8221; text_font=&#8221;Roboto|300|||||||&#8221; text_text_color=&#8221;gcid-22ad8f33-d216-42fd-8422-1d25e87453fc&#8221; header_font=&#8221;Adamina||||||||&#8221; header_font_size=&#8221;16px&#8221; header_2_text_color=&#8221;#8a4d1e&#8221; header_2_font_size=&#8221;14px&#8221; hover_enabled=&#8221;0&#8243; global_colors_info=&#8221;{%22gcid-22ad8f33-d216-42fd-8422-1d25e87453fc%22:%91%22text_text_color%22%93}&#8221; text_font_size=&#8221;25px&#8221; sticky_enabled=&#8221;0&#8243;]<\/p>\n<p class=\"cvGsUA direction-ltr align-center para-style-body\"><span class=\"a_GcMg font-feature-liga-off font-feature-clig-off font-feature-calt-off text-decoration-none text-strikethrough-none\">Semifinalistas\u00a0<\/span><span class=\"a_GcMg font-feature-liga-off font-feature-clig-off font-feature-calt-off text-decoration-none text-strikethrough-none white-space-prewrap\"><\/span><span class=\"a_GcMg font-feature-liga-off font-feature-clig-off font-feature-calt-off text-decoration-none text-strikethrough-none\">V Concurso CEAT para a FLIST 2026<\/span><\/p>\n<p>[\/et_pb_text][\/et_pb_column][\/et_pb_row][et_pb_row column_structure=&#8221;1_5,1_5,1_5,1_5,1_5&#8243; use_custom_gutter=&#8221;on&#8221; gutter_width=&#8221;2&#8243; _builder_version=&#8221;4.27.6&#8243; _module_preset=&#8221;default&#8221; max_width=&#8221;90%&#8221; hover_enabled=&#8221;0&#8243; global_colors_info=&#8221;{}&#8221; width=&#8221;90%&#8221; sticky_enabled=&#8221;0&#8243;][et_pb_column type=&#8221;1_5&#8243; _builder_version=&#8221;4.24.3&#8243; _module_preset=&#8221;default&#8221; global_colors_info=&#8221;{}&#8221;][et_pb_text _builder_version=&#8221;4.27.6&#8243; _module_preset=&#8221;default&#8221; text_font=&#8221;Roboto||||||||&#8221; text_text_color=&#8221;gcid-22ad8f33-d216-42fd-8422-1d25e87453fc&#8221; hover_enabled=&#8221;0&#8243; global_colors_info=&#8221;{%22gcid-22ad8f33-d216-42fd-8422-1d25e87453fc%22:%91%22text_text_color%22%93,%22gcid-2c142961-2af4-48bb-8d16-9887a642b983%22:%91%22header_text_color%22%93}&#8221; sticky_enabled=&#8221;0&#8243; header_text_color=&#8221;gcid-2c142961-2af4-48bb-8d16-9887a642b983&#8243; header_font_size=&#8221;22px&#8221;]<\/p>\n<h1><span class=\"a_GcMg font-feature-liga-off font-feature-clig-off font-feature-calt-off text-decoration-none text-strikethrough-none\">Conto<\/span><\/h1>\n<ul>\n<li><span class=\"a_GcMg font-feature-liga-off font-feature-clig-off font-feature-calt-off text-decoration-none text-strikethrough-none\">Cris Ferreira (Jo\u00e3o Bosco)<\/span><\/li>\n<li><span class=\"a_GcMg font-feature-liga-off font-feature-clig-off font-feature-calt-off text-decoration-none text-strikethrough-none\">D&#8217;Aumon (Jo\u00e3o Bosco)<\/span><\/li>\n<li><span class=\"a_GcMg font-feature-liga-off font-feature-clig-off font-feature-calt-off text-decoration-none text-strikethrough-none\">Douglas Virginio da Rocha (Marcelo Rubens Paiva)<\/span><\/li>\n<li><span class=\"a_GcMg font-feature-liga-off font-feature-clig-off font-feature-calt-off text-decoration-none text-strikethrough-none\">Maria Emanuelle Cardoso (Marcelo Rubens Paiva)<\/span><\/li>\n<li><span class=\"a_GcMg font-feature-liga-off font-feature-clig-off font-feature-calt-off text-decoration-none text-strikethrough-none\">Pedro Presta Dias (Marcelo Rubens Paiva)<\/span><\/li>\n<li><span class=\"a_GcMg font-feature-liga-off font-feature-clig-off font-feature-calt-off text-decoration-none text-strikethrough-none\">Re Moreira (Jo\u00e3o Bosco)<\/span><\/li>\n<li><span class=\"a_GcMg font-feature-liga-off font-feature-clig-off font-feature-calt-off text-decoration-none text-strikethrough-none\">Valter Resende (Marcelo Rubens Paiva)<\/span><\/li>\n<li><span class=\"a_GcMg font-feature-liga-off font-feature-clig-off font-feature-calt-off text-decoration-none text-strikethrough-none\">Victor R\u00eallo (Jo\u00e3o Bosco)<\/span><\/li>\n<\/ul>\n<p>[\/et_pb_text][\/et_pb_column][et_pb_column type=&#8221;1_5&#8243; _builder_version=&#8221;4.24.3&#8243; _module_preset=&#8221;default&#8221; global_colors_info=&#8221;{}&#8221;][et_pb_text _builder_version=&#8221;4.27.6&#8243; _module_preset=&#8221;default&#8221; text_font=&#8221;Roboto||||||||&#8221; text_text_color=&#8221;gcid-22ad8f33-d216-42fd-8422-1d25e87453fc&#8221; hover_enabled=&#8221;0&#8243; global_colors_info=&#8221;{%22gcid-22ad8f33-d216-42fd-8422-1d25e87453fc%22:%91%22text_text_color%22%93,%22gcid-2c142961-2af4-48bb-8d16-9887a642b983%22:%91%22header_text_color%22%93}&#8221; sticky_enabled=&#8221;0&#8243; header_text_color=&#8221;gcid-2c142961-2af4-48bb-8d16-9887a642b983&#8243; header_font_size=&#8221;22px&#8221;]<\/p>\n<h1><span class=\"a_GcMg font-feature-liga-off font-feature-clig-off font-feature-calt-off text-decoration-none text-strikethrough-none\">Cr\u00f4nica<\/span><\/h1>\n<ul>\n<li style=\"list-style-type: none;\">\n<ul>\n<li><span class=\"a_GcMg font-feature-liga-off font-feature-clig-off font-feature-calt-off text-decoration-none text-strikethrough-none\">A Carlos Misawa (Marcelo Rubens Paiva)<\/span><\/li>\n<li><span class=\"a_GcMg font-feature-liga-off font-feature-clig-off font-feature-calt-off text-decoration-none text-strikethrough-none\">Alba Ferreira(Marcelo Rubens Paiva)<\/span><\/li>\n<li><span class=\"a_GcMg font-feature-liga-off font-feature-clig-off font-feature-calt-off text-decoration-none text-strikethrough-none\">Aline Laversveiler Guedes Ferreira(Marcelo Rubens Paiva)<\/span><\/li>\n<li><span class=\"a_GcMg font-feature-liga-off font-feature-clig-off font-feature-calt-off text-decoration-none text-strikethrough-none\">Cida Penna(Marcelo Rubens Paiva)<\/span><\/li>\n<li><span class=\"a_GcMg font-feature-liga-off font-feature-clig-off font-feature-calt-off text-decoration-none text-strikethrough-none\">Evandro Valentim de Melo (Jo\u00e3o Bosco)<\/span><\/li>\n<li><span class=\"a_GcMg font-feature-liga-off font-feature-clig-off font-feature-calt-off text-decoration-none text-strikethrough-none\">Diego Renn\u00f3(Marcelo Rubens Paiva)<\/span><\/li>\n<li><span class=\"a_GcMg font-feature-liga-off font-feature-clig-off font-feature-calt-off text-decoration-none text-strikethrough-none\">Mauricio Albert Schmidt (Jo\u00e3o Bosco)<\/span><\/li>\n<li><span class=\"a_GcMg font-feature-liga-off font-feature-clig-off font-feature-calt-off text-decoration-none text-strikethrough-none\">Rafaela Schendroski(Marcelo Rubens Paiva)<\/span><\/li>\n<li><span class=\"a_GcMg font-feature-liga-off font-feature-clig-off font-feature-calt-off text-decoration-none text-strikethrough-none\">Robson Martins (Jo\u00e3o Bosco)<\/span><\/li>\n<li><span class=\"a_GcMg font-feature-liga-off font-feature-clig-off font-feature-calt-off text-decoration-none text-strikethrough-none\">Sol (Jo\u00e3o Bosco)<\/span><\/li>\n<\/ul>\n<\/li>\n<\/ul>\n<p>[\/et_pb_text][\/et_pb_column][et_pb_column type=&#8221;1_5&#8243; _builder_version=&#8221;4.24.3&#8243; _module_preset=&#8221;default&#8221; global_colors_info=&#8221;{}&#8221;][et_pb_text _builder_version=&#8221;4.27.6&#8243; _module_preset=&#8221;default&#8221; text_font=&#8221;Roboto||||||||&#8221; text_text_color=&#8221;gcid-22ad8f33-d216-42fd-8422-1d25e87453fc&#8221; hover_enabled=&#8221;0&#8243; global_colors_info=&#8221;{%22gcid-22ad8f33-d216-42fd-8422-1d25e87453fc%22:%91%22text_text_color%22%93,%22gcid-2c142961-2af4-48bb-8d16-9887a642b983%22:%91%22header_text_color%22%93}&#8221; sticky_enabled=&#8221;0&#8243; header_text_color=&#8221;gcid-2c142961-2af4-48bb-8d16-9887a642b983&#8243; header_font_size=&#8221;22px&#8221;]<\/p>\n<h1><span class=\"a_GcMg font-feature-liga-off font-feature-clig-off font-feature-calt-off text-decoration-none text-strikethrough-none\">Letra de can\u00e7\u00e3o<\/span><\/h1>\n<ul>\n<li style=\"list-style-type: none;\">\n<ul>\n<li><span class=\"a_GcMg font-feature-liga-off font-feature-clig-off font-feature-calt-off text-decoration-none text-strikethrough-none\">Lu\u00eds Alberto Lima Rodrigues (Jo\u00e3o Bosco)<\/span><\/li>\n<li><span class=\"a_GcMg font-feature-liga-off font-feature-clig-off font-feature-calt-off text-decoration-none text-strikethrough-none\">Jos\u00e9 Mauro Severino (Jo\u00e3o Bosco)<\/span><\/li>\n<li><span class=\"a_GcMg font-feature-liga-off font-feature-clig-off font-feature-calt-off text-decoration-none text-strikethrough-none\">Jos\u00e9 Mauro Severino (Marcelo Rubens Paiva)<\/span><\/li>\n<\/ul>\n<\/li>\n<\/ul>\n<p>[\/et_pb_text][\/et_pb_column][et_pb_column type=&#8221;1_5&#8243; _builder_version=&#8221;4.24.3&#8243; _module_preset=&#8221;default&#8221; global_colors_info=&#8221;{}&#8221;][et_pb_text _builder_version=&#8221;4.27.6&#8243; _module_preset=&#8221;default&#8221; text_font=&#8221;Roboto||||||||&#8221; text_text_color=&#8221;gcid-22ad8f33-d216-42fd-8422-1d25e87453fc&#8221; hover_enabled=&#8221;0&#8243; global_colors_info=&#8221;{%22gcid-22ad8f33-d216-42fd-8422-1d25e87453fc%22:%91%22text_text_color%22%93,%22gcid-2c142961-2af4-48bb-8d16-9887a642b983%22:%91%22header_text_color%22%93}&#8221; sticky_enabled=&#8221;0&#8243; header_text_color=&#8221;gcid-2c142961-2af4-48bb-8d16-9887a642b983&#8243; header_font_size=&#8221;22px&#8221;]<\/p>\n<h1><span class=\"a_GcMg font-feature-liga-off font-feature-clig-off font-feature-calt-off text-decoration-none text-strikethrough-none\">Poema<\/span><\/h1>\n<ul>\n<li style=\"list-style-type: none;\">\n<ul>\n<li><span class=\"a_GcMg font-feature-liga-off font-feature-clig-off font-feature-calt-off text-decoration-none text-strikethrough-none\">Celso De Lanteuil (Jo\u00e3o Bosco)<\/span><\/li>\n<li><span class=\"a_GcMg font-feature-liga-off font-feature-clig-off font-feature-calt-off text-decoration-none text-strikethrough-none\">Daniel Soares Filho (Marcelo Rubens Paiva)<\/span><\/li>\n<li><span class=\"a_GcMg font-feature-liga-off font-feature-clig-off font-feature-calt-off text-decoration-none text-strikethrough-none\">Ernane Catroli (Marcelo Rubens Paiva)<\/span><\/li>\n<li><span class=\"a_GcMg font-feature-liga-off font-feature-clig-off font-feature-calt-off text-decoration-none text-strikethrough-none\">Jo\u00e3o Felipe Salom\u00e3o (Marcelo Rubens Paiva)<\/span><\/li>\n<li><span class=\"a_GcMg font-feature-liga-off font-feature-clig-off font-feature-calt-off text-decoration-none text-strikethrough-none\">Let\u00edcia Giuliangelis (Marcelo Rubens Paiva)<\/span><\/li>\n<\/ul>\n<\/li>\n<\/ul>\n<p>[\/et_pb_text][\/et_pb_column][et_pb_column type=&#8221;1_5&#8243; _builder_version=&#8221;4.24.3&#8243; _module_preset=&#8221;default&#8221; global_colors_info=&#8221;{}&#8221;][et_pb_text _builder_version=&#8221;4.27.6&#8243; _module_preset=&#8221;default&#8221; text_font=&#8221;Roboto||||||||&#8221; text_text_color=&#8221;gcid-22ad8f33-d216-42fd-8422-1d25e87453fc&#8221; hover_enabled=&#8221;0&#8243; global_colors_info=&#8221;{%22gcid-22ad8f33-d216-42fd-8422-1d25e87453fc%22:%91%22text_text_color%22%93,%22gcid-2c142961-2af4-48bb-8d16-9887a642b983%22:%91%22header_text_color%22%93}&#8221; sticky_enabled=&#8221;0&#8243; header_text_color=&#8221;gcid-2c142961-2af4-48bb-8d16-9887a642b983&#8243; header_font_size=&#8221;22px&#8221;]<\/p>\n<h1><span class=\"a_GcMg font-feature-liga-off font-feature-clig-off font-feature-calt-off text-decoration-none text-strikethrough-none\">Imagem\/ilustra\u00e7\u00e3o<\/span><\/h1>\n<ul>\n<li style=\"list-style-type: none;\">\n<ul>\n<li><span class=\"a_GcMg font-feature-liga-off font-feature-clig-off font-feature-calt-off text-decoration-none text-strikethrough-none\">Arthur Motta Bonadiman (Jo\u00e3o Bosco)<\/span><\/li>\n<li><span class=\"a_GcMg font-feature-liga-off font-feature-clig-off font-feature-calt-off text-decoration-none text-strikethrough-none\">Benjamim Vargas Corr\u00eaa (Jo\u00e3o Bosco)<\/span><\/li>\n<li><span class=\"a_GcMg font-feature-liga-off font-feature-clig-off font-feature-calt-off text-decoration-none text-strikethrough-none\">Danilo Mantovani Amorim de Freitas Oliveira (Jo\u00e3o Bosco)<\/span><\/li>\n<li><span class=\"a_GcMg font-feature-liga-off font-feature-clig-off font-feature-calt-off text-decoration-none text-strikethrough-none\">Esther Rodrigues (Marcelo Rubens Paiva)<\/span><\/li>\n<li><span class=\"a_GcMg font-feature-liga-off font-feature-clig-off font-feature-calt-off text-decoration-none text-strikethrough-none\">Irm\u00e3os Cardoso\u2005- Erika Lima, Emanuely Cardoso, Esther Rodrigues (Marcelo Rubens Paiva)<\/span><\/li>\n<li><span class=\"a_GcMg font-feature-liga-off font-feature-clig-off font-feature-calt-off text-decoration-none text-strikethrough-none\">JM Nimis (Jo\u00e3o Bosco)<\/span><\/li>\n<li><span class=\"a_GcMg font-feature-liga-off font-feature-clig-off font-feature-calt-off text-decoration-none text-strikethrough-none\">Kelcio Martins (Jo\u00e3o Bosco)<\/span><\/li>\n<li><span class=\"a_GcMg font-feature-liga-off font-feature-clig-off font-feature-calt-off text-decoration-none text-strikethrough-none\">MalikaDamicoCardozo (Jo\u00e3o Bosco)<\/span><\/li>\n<li><span class=\"a_GcMg font-feature-liga-off font-feature-clig-off font-feature-calt-off text-decoration-none text-strikethrough-none\">Mylena Godinho (Jo\u00e3o Bosco)<\/span><\/li>\n<li><span class=\"a_GcMg font-feature-liga-off font-feature-clig-off font-feature-calt-off text-decoration-none text-strikethrough-none\">Natan Goes dos Santos(Jo\u00e3o Bosco)<\/span><\/li>\n<li><span class=\"a_GcMg font-feature-liga-off font-feature-clig-off font-feature-calt-off text-decoration-none text-strikethrough-none\">Renato Cardoso (Marcelo Rubens Paiva)<\/span><\/li>\n<li><span class=\"a_GcMg font-feature-liga-off font-feature-clig-off font-feature-calt-off text-decoration-none text-strikethrough-none\">Ronai Carvalho (Marcelo Rubens Paiva)<\/span><\/li>\n<li><span class=\"a_GcMg font-feature-liga-off font-feature-clig-off font-feature-calt-off text-decoration-none text-strikethrough-none\">Saulo Vitor Teixeira da Concei\u00e7\u00e3o(Jo\u00e3o Bosco)<\/span><\/li>\n<li><span class=\"a_GcMg font-feature-liga-off font-feature-clig-off font-feature-calt-off text-decoration-none text-strikethrough-none\">Saulo Vitor Teixeira da Concei\u00e7\u00e3o(Marcelo Rubens Paiva)<\/span><\/li>\n<\/ul>\n<\/li>\n<\/ul>\n<p>[\/et_pb_text][\/et_pb_column][\/et_pb_row][\/et_pb_section]<\/p>\n","protected":false},"excerpt":{"rendered":"<p>Semifinalistas\u00a0V Concurso CEAT para a FLIST 2026Conto Cris Ferreira (Jo\u00e3o Bosco) D&#8217;Aumon (Jo\u00e3o Bosco) Douglas Virginio da Rocha (Marcelo Rubens Paiva) Maria Emanuelle Cardoso (Marcelo Rubens Paiva) Pedro Presta Dias (Marcelo Rubens Paiva) Re Moreira (Jo\u00e3o Bosco) Valter Resende (Marcelo Rubens Paiva) Victor R\u00eallo (Jo\u00e3o Bosco) Cr\u00f4nica A Carlos Misawa (Marcelo Rubens Paiva) Alba Ferreira(Marcelo [&hellip;]<\/p>\n","protected":false},"author":1,"featured_media":0,"parent":0,"menu_order":0,"comment_status":"closed","ping_status":"closed","template":"","meta":{"_et_pb_use_builder":"on","_et_pb_old_content":"","_et_gb_content_width":"","footnotes":""},"class_list":["post-26050","page","type-page","status-publish","hentry"],"_links":{"self":[{"href":"https:\/\/flist.org.br\/index.php\/wp-json\/wp\/v2\/pages\/26050","targetHints":{"allow":["GET"]}}],"collection":[{"href":"https:\/\/flist.org.br\/index.php\/wp-json\/wp\/v2\/pages"}],"about":[{"href":"https:\/\/flist.org.br\/index.php\/wp-json\/wp\/v2\/types\/page"}],"author":[{"embeddable":true,"href":"https:\/\/flist.org.br\/index.php\/wp-json\/wp\/v2\/users\/1"}],"replies":[{"embeddable":true,"href":"https:\/\/flist.org.br\/index.php\/wp-json\/wp\/v2\/comments?post=26050"}],"version-history":[{"count":7,"href":"https:\/\/flist.org.br\/index.php\/wp-json\/wp\/v2\/pages\/26050\/revisions"}],"predecessor-version":[{"id":26062,"href":"https:\/\/flist.org.br\/index.php\/wp-json\/wp\/v2\/pages\/26050\/revisions\/26062"}],"wp:attachment":[{"href":"https:\/\/flist.org.br\/index.php\/wp-json\/wp\/v2\/media?parent=26050"}],"curies":[{"name":"wp","href":"https:\/\/api.w.org\/{rel}","templated":true}]}}