{"id":16080,"date":"2024-04-15T18:29:33","date_gmt":"2024-04-15T21:29:33","guid":{"rendered":"https:\/\/flist.org.br\/?page_id=16080"},"modified":"2024-04-16T09:24:03","modified_gmt":"2024-04-16T12:24:03","slug":"resultado-concurso","status":"publish","type":"page","link":"https:\/\/flist.org.br\/index.php\/resultado-concurso\/","title":{"rendered":"Resultado concurso"},"content":{"rendered":"<p>[et_pb_section fb_built=&#8221;1&#8243; _builder_version=&#8221;4.24.3&#8243; _module_preset=&#8221;default&#8221; custom_margin=&#8221;0px||0px||true|false&#8221; custom_padding=&#8221;0px||0px||true|false&#8221; global_colors_info=&#8221;{}&#8221;][et_pb_row use_custom_gutter=&#8221;on&#8221; gutter_width=&#8221;1&#8243; _builder_version=&#8221;4.24.3&#8243; _module_preset=&#8221;default&#8221; width=&#8221;100%&#8221; max_width=&#8221;100%&#8221; module_alignment=&#8221;center&#8221; custom_margin=&#8221;0px||0px||true|false&#8221; custom_padding=&#8221;0px||0px||true|false&#8221; global_colors_info=&#8221;{}&#8221;][et_pb_column type=&#8221;4_4&#8243; _builder_version=&#8221;4.24.3&#8243; _module_preset=&#8221;default&#8221; global_colors_info=&#8221;{}&#8221;][et_pb_text _builder_version=&#8221;4.24.3&#8243; _module_preset=&#8221;default&#8221; text_font=&#8221;Adamina|||on|||||&#8221; text_text_color=&#8221;#8a4d1e&#8221; text_font_size=&#8221;18px&#8221; header_font=&#8221;Adamina||||||||&#8221; header_font_size=&#8221;16px&#8221; header_2_text_color=&#8221;#8a4d1e&#8221; header_2_font_size=&#8221;14px&#8221; background_color=&#8221;#f99222&#8243; text_orientation=&#8221;center&#8221; custom_margin=&#8221;0px||0px||true|false&#8221; custom_padding=&#8221;10px||0px||false|false&#8221; global_colors_info=&#8221;{}&#8221;]<\/p>\n<p><strong>CONCURSO CEAT para a FLIST 2024, homenagem a Gilberto Gil<\/strong><strong>\u00a0<\/strong><\/p>\n<h2><\/h2>\n<p>[\/et_pb_text][\/et_pb_column][\/et_pb_row][et_pb_row use_custom_gutter=&#8221;on&#8221; gutter_width=&#8221;2&#8243; _builder_version=&#8221;4.24.3&#8243; _module_preset=&#8221;default&#8221; max_width=&#8221;80%&#8221; global_colors_info=&#8221;{}&#8221;][et_pb_column type=&#8221;4_4&#8243; _builder_version=&#8221;4.24.3&#8243; _module_preset=&#8221;default&#8221; global_colors_info=&#8221;{}&#8221;][et_pb_text _builder_version=&#8221;4.24.3&#8243; _module_preset=&#8221;default&#8221; text_font=&#8221;Adamina|||on|||||&#8221; text_text_color=&#8221;#8a4d1e&#8221; header_font=&#8221;Adamina||||||||&#8221; header_font_size=&#8221;16px&#8221; header_2_text_color=&#8221;#8a4d1e&#8221; header_2_font_size=&#8221;14px&#8221; global_colors_info=&#8221;{}&#8221;]<\/p>\n<p><strong>O Centro Educacional An\u00edsio Teixeira \u2013 CEAT organiza a 16\u00aa Festa Liter\u00e1ria de Santa Teresa &#8211; FLIST<\/p>\n<p><\/strong><strong>Textos e imagens selecionadas para a Revista Chave da Torre <em>on line <\/em>da autoria de:<\/strong>\u00a0<\/p>\n<p>[\/et_pb_text][\/et_pb_column][\/et_pb_row][et_pb_row column_structure=&#8221;1_4,1_4,1_4,1_4&#8243; use_custom_gutter=&#8221;on&#8221; gutter_width=&#8221;2&#8243; _builder_version=&#8221;4.24.3&#8243; _module_preset=&#8221;default&#8221; max_width=&#8221;80%&#8221; global_colors_info=&#8221;{}&#8221;][et_pb_column type=&#8221;1_4&#8243; _builder_version=&#8221;4.24.3&#8243; _module_preset=&#8221;default&#8221; global_colors_info=&#8221;{}&#8221;][et_pb_text _builder_version=&#8221;4.24.3&#8243; _module_preset=&#8221;default&#8221; text_font=&#8221;Adamina|||on|||||&#8221; text_text_color=&#8221;#8a4d1e&#8221; text_font_size=&#8221;16px&#8221; background_color=&#8221;#ff9f23&#8243; text_orientation=&#8221;center&#8221; custom_padding=&#8221;5px||5px||true|false&#8221; border_radii=&#8221;on|8px|8px|8px|8px&#8221; global_colors_info=&#8221;{}&#8221;]<\/p>\n<p><strong>\u00a0<\/strong><strong>Contos<\/strong><\/p>\n<p>[\/et_pb_text][et_pb_text _builder_version=&#8221;4.24.3&#8243; _module_preset=&#8221;default&#8221; text_font=&#8221;Adamina||||||||&#8221; text_text_color=&#8221;#8a4d1e&#8221; global_colors_info=&#8221;{}&#8221;]<\/p>\n<p><strong>1\u00ba lugar:<\/strong> Elisangela Batista Barbosa<\/p>\n<p><strong>Finalistas: <\/strong><\/p>\n<p>Anilton Candido Trancoso<br \/>Carmen Belmont<br \/>Eduardo da Concei\u00e7\u00e3o Souto<br \/>Evandro Valentim de Melo<br \/>Francesco Jordani Rodrigues de Lima<br \/>Gabriel Carlos Cerqueira dos Santos<br \/>William Roberto Fraga Ramires<\/p>\n<p>[\/et_pb_text][\/et_pb_column][et_pb_column type=&#8221;1_4&#8243; _builder_version=&#8221;4.24.3&#8243; _module_preset=&#8221;default&#8221; global_colors_info=&#8221;{}&#8221;][et_pb_text _builder_version=&#8221;4.24.3&#8243; _module_preset=&#8221;default&#8221; text_font=&#8221;Adamina|||on|||||&#8221; text_text_color=&#8221;#8a4d1e&#8221; text_font_size=&#8221;16px&#8221; background_color=&#8221;#ff9f23&#8243; text_orientation=&#8221;center&#8221; custom_padding=&#8221;5px||5px||true|false&#8221; hover_enabled=&#8221;0&#8243; border_radii=&#8221;on|8px|8px|8px|8px&#8221; global_colors_info=&#8221;{}&#8221; sticky_enabled=&#8221;0&#8243;]<\/p>\n<p><strong>Cr\u00f4nicas<\/strong><\/p>\n<p>[\/et_pb_text][et_pb_text _builder_version=&#8221;4.24.3&#8243; _module_preset=&#8221;default&#8221; text_font=&#8221;Adamina||||||||&#8221; text_text_color=&#8221;#8a4d1e&#8221; hover_enabled=&#8221;0&#8243; global_colors_info=&#8221;{}&#8221; sticky_enabled=&#8221;0&#8243;]<\/p>\n<p><strong>1\u00ba lugar: <\/strong>Juliana Nascimento Berlim Amorim<\/p>\n<p><strong>Finalistas: <\/strong><\/p>\n<p>Aline Brasil Quadros<br \/>Evandro Valentim de Melo<br \/>Jurandir Cleomar Leite Filho<br \/>Marcus Vin\u00edcius Leite<br \/>Maria Jos\u00e9 Libardi Rodrigues<br \/>Pablo das Oliveiras<br \/>Roberto de Ara\u00fajo<br \/>Vitor Orlando Gagliardo<\/p>\n<p>[\/et_pb_text][\/et_pb_column][et_pb_column type=&#8221;1_4&#8243; _builder_version=&#8221;4.24.3&#8243; _module_preset=&#8221;default&#8221; global_colors_info=&#8221;{}&#8221;][et_pb_text _builder_version=&#8221;4.24.3&#8243; _module_preset=&#8221;default&#8221; text_font=&#8221;Adamina|||on|||||&#8221; text_text_color=&#8221;#8a4d1e&#8221; text_font_size=&#8221;16px&#8221; background_color=&#8221;#ff9f23&#8243; text_orientation=&#8221;center&#8221; custom_padding=&#8221;5px||5px||true|false&#8221; border_radii=&#8221;on|8px|8px|8px|8px&#8221; global_colors_info=&#8221;{}&#8221;]<\/p>\n<p><strong>Letras de Can\u00e7\u00e3o<\/strong><\/p>\n<p>[\/et_pb_text][et_pb_text _builder_version=&#8221;4.24.3&#8243; _module_preset=&#8221;default&#8221; text_font=&#8221;Adamina||||||||&#8221; text_text_color=&#8221;#8a4d1e&#8221; hover_enabled=&#8221;0&#8243; global_colors_info=&#8221;{}&#8221; sticky_enabled=&#8221;0&#8243;]<\/p>\n<p><strong>1\u00ba lugar: <\/strong>Maria Isabel Maranh\u00e3o Ritzmann<\/p>\n<p><strong>Finalista:<\/strong><\/p>\n<p>Jos\u00e9 Mauro Severino<\/p>\n<p>[\/et_pb_text][\/et_pb_column][et_pb_column type=&#8221;1_4&#8243; _builder_version=&#8221;4.24.3&#8243; _module_preset=&#8221;default&#8221; global_colors_info=&#8221;{}&#8221;][et_pb_text _builder_version=&#8221;4.24.3&#8243; _module_preset=&#8221;default&#8221; text_font=&#8221;Adamina|||on|||||&#8221; text_text_color=&#8221;#8a4d1e&#8221; text_font_size=&#8221;16px&#8221; background_color=&#8221;#ff9f23&#8243; text_orientation=&#8221;center&#8221; custom_padding=&#8221;5px||5px||true|false&#8221; border_radii=&#8221;on|8px|8px|8px|8px&#8221; global_colors_info=&#8221;{}&#8221;]<\/p>\n<p><strong>Ilustra\u00e7\u00f5es<\/strong><\/p>\n<p>[\/et_pb_text][et_pb_text _builder_version=&#8221;4.24.3&#8243; _module_preset=&#8221;default&#8221; text_font=&#8221;Adamina||||||||&#8221; text_text_color=&#8221;#8a4d1e&#8221; hover_enabled=&#8221;0&#8243; global_colors_info=&#8221;{}&#8221; sticky_enabled=&#8221;0&#8243;]<\/p>\n<p><strong>1\u00ba lugar: <\/strong>Monique Oliveira Porto<\/p>\n<p><strong>Finalistas: <\/strong><\/p>\n<p>Adriano Lob\u00e3o de Arag\u00e3o<br \/>Emilio Gadelha Buarque Ferreira<br \/>Flavia Xavier Nunes<br \/>Ivanete Fran\u00e7a Galv\u00e3o de Carvalho<br \/>Ivonice Fontes de Abreu<br \/>Maria de Lourdes do Nascimento<br \/>Patr\u00edcia Mara Santos Pereira Leite Barbosa<br \/>S\u00f4nia Maria Mendes Di Benedetto<br \/>Tatiana Magioli<br \/>Victor Saverio Iervolino<\/p>\n<p>[\/et_pb_text][\/et_pb_column][\/et_pb_row][et_pb_row column_structure=&#8221;3_5,2_5&#8243; use_custom_gutter=&#8221;on&#8221; gutter_width=&#8221;1&#8243; custom_padding_last_edited=&#8221;on|phone&#8221; _builder_version=&#8221;4.24.3&#8243; _module_preset=&#8221;default&#8221; max_width=&#8221;80%&#8221; custom_margin_tablet=&#8221;&#8221; custom_margin_phone=&#8221;0px||0px||true|false&#8221; custom_margin_last_edited=&#8221;on|phone&#8221; custom_padding=&#8221;0px||0px||true|false&#8221; custom_padding_tablet=&#8221;0px||0px||true|false&#8221; custom_padding_phone=&#8221;0px||0px||true|false&#8221; global_colors_info=&#8221;{}&#8221;][et_pb_column type=&#8221;3_5&#8243; _builder_version=&#8221;4.24.3&#8243; _module_preset=&#8221;default&#8221; custom_padding_tablet=&#8221;&#8221; custom_padding_phone=&#8221;0px||0px||true|false&#8221; custom_padding_last_edited=&#8221;on|phone&#8221; global_colors_info=&#8221;{}&#8221;][et_pb_text _builder_version=&#8221;4.24.3&#8243; _module_preset=&#8221;default&#8221; text_font=&#8221;Adamina|||on|||||&#8221; text_text_color=&#8221;#8a4d1e&#8221; text_font_size=&#8221;16px&#8221; background_color=&#8221;#ff9f23&#8243; text_orientation=&#8221;center&#8221; custom_padding=&#8221;5px||5px||true|false&#8221; border_radii=&#8221;on|8px|8px|8px|8px&#8221; global_colors_info=&#8221;{}&#8221;]<\/p>\n<p><strong>Poemas<\/strong><\/p>\n<p>[\/et_pb_text][\/et_pb_column][et_pb_column type=&#8221;2_5&#8243; _builder_version=&#8221;4.24.3&#8243; _module_preset=&#8221;default&#8221; custom_padding_tablet=&#8221;&#8221; custom_padding_phone=&#8221;0px||0px||true|false&#8221; custom_padding_last_edited=&#8221;on|phone&#8221; global_colors_info=&#8221;{}&#8221;][\/et_pb_column][\/et_pb_row][et_pb_row column_structure=&#8221;1_4,1_4,1_4,1_4&#8243; use_custom_gutter=&#8221;on&#8221; gutter_width=&#8221;2&#8243; custom_padding_last_edited=&#8221;on|phone&#8221; _builder_version=&#8221;4.24.3&#8243; _module_preset=&#8221;default&#8221; max_width=&#8221;80%&#8221; custom_margin_tablet=&#8221;&#8221; custom_margin_phone=&#8221;0px||0px||true|false&#8221; custom_margin_last_edited=&#8221;on|phone&#8221; custom_padding_tablet=&#8221;&#8221; custom_padding_phone=&#8221;0px||0px||true|false&#8221; global_colors_info=&#8221;{}&#8221;][et_pb_column type=&#8221;1_4&#8243; _builder_version=&#8221;4.24.3&#8243; _module_preset=&#8221;default&#8221; global_colors_info=&#8221;{}&#8221;][et_pb_text _builder_version=&#8221;4.24.3&#8243; _module_preset=&#8221;default&#8221; text_font=&#8221;Adamina||||||||&#8221; text_text_color=&#8221;#8a4d1e&#8221; custom_margin=&#8221;0px||0px||true|false&#8221; custom_padding=&#8221;0px||0px||true|false&#8221; global_colors_info=&#8221;{}&#8221;]<\/p>\n<p><strong>1\u00ba lugar: <\/strong>Lana Ruff Pinto de Oliveira<\/p>\n<p><strong>Finalistas: <\/strong><\/p>\n<p>Abilio Pacheco de Souza<br \/>Alex Fabiani de Brito Torres<br \/>Alexandra Lima da Silva<br \/>Bruno do Nascimento Santos<br \/>Carmen Belmont<br \/>Danielly de Souza Barroso<br \/>Ernane Catroli do Carmo<br \/>Francisco Jos\u00e9 Magalh\u00e3es de Pinho<br \/>Geraldo Trombin<br \/>Isabella Ribeiro Marinuzzi<br \/>Lila Maia<\/p>\n<p>[\/et_pb_text][\/et_pb_column][et_pb_column type=&#8221;1_4&#8243; _builder_version=&#8221;4.24.3&#8243; _module_preset=&#8221;default&#8221; global_colors_info=&#8221;{}&#8221;][et_pb_text _builder_version=&#8221;4.24.3&#8243; _module_preset=&#8221;default&#8221; text_font=&#8221;Adamina||||||||&#8221; text_text_color=&#8221;#8a4d1e&#8221; custom_margin=&#8221;0px||0px||true|false&#8221; custom_padding=&#8221;0px||0px||true|false&#8221; global_colors_info=&#8221;{}&#8221;]<\/p>\n<p>Luiz Eduardo de Carvalho<br \/>Marcia de Oliveira Gomes<br \/>Maria Isabel Maranh\u00e3o Ritzmann<br \/>Nuzia Moreira Guiglermette<br \/>Paula Cristina Lemos Le\u00e3o<br \/>Rejane Luci Silva da Costa Knoth<br \/>Renata Caroline Penzani<br \/>Silvio Valentin Liorbano<br \/>Val\u00e9ria de C\u00e1ssia Pisauro Lima<br \/>Wagner Azevedo Pereira<\/p>\n<p>[\/et_pb_text][\/et_pb_column][et_pb_column type=&#8221;1_4&#8243; _builder_version=&#8221;4.24.3&#8243; _module_preset=&#8221;default&#8221; global_colors_info=&#8221;{}&#8221;][\/et_pb_column][et_pb_column type=&#8221;1_4&#8243; _builder_version=&#8221;4.24.3&#8243; _module_preset=&#8221;default&#8221; global_colors_info=&#8221;{}&#8221;][\/et_pb_column][\/et_pb_row][et_pb_row use_custom_gutter=&#8221;on&#8221; gutter_width=&#8221;2&#8243; _builder_version=&#8221;4.24.3&#8243; _module_preset=&#8221;default&#8221; max_width=&#8221;80%&#8221; global_colors_info=&#8221;{}&#8221;][et_pb_column type=&#8221;4_4&#8243; _builder_version=&#8221;4.24.3&#8243; _module_preset=&#8221;default&#8221; global_colors_info=&#8221;{}&#8221;][et_pb_text _builder_version=&#8221;4.24.3&#8243; _module_preset=&#8221;default&#8221; text_font=&#8221;Adamina||||||||&#8221; text_text_color=&#8221;#8a4d1e&#8221; header_font=&#8221;Adamina||||||||&#8221; header_font_size=&#8221;16px&#8221; header_2_text_color=&#8221;#8a4d1e&#8221; header_2_font_size=&#8221;14px&#8221; global_colors_info=&#8221;{}&#8221;]<\/p>\n<p><strong>Com mais de 200 textos e ilustra\u00e7\u00f5es inscritas, selecionamos 41 textos <\/strong><strong>(8 contos; 9 cr\u00f4nicas; 2 letras de can\u00e7\u00e3o e 22 poemas) e 11 imagens.<\/strong><\/p>\n<p>Recebemos inscri\u00e7\u00f5es de artistas de todas as regi\u00f5es brasileiras e dos pa\u00edses: Alemanha, Angola e Portugal.<\/p>\n<p>Contamos com os membros do j\u00fari:<\/p>\n<ul>\n<li>Andr\u00e9 Neves (autor e ilustrador, Florian\u00f3polis, SC)<\/li>\n<li>Beatriz Whyte (designer, Rio de Janeiro, RJ)<\/li>\n<li>Claudia Guimar\u00e3es (mediadora de leitura, coordenadora do projeto Viva e Deixe Viver; Salvador, BA)<\/li>\n<li>Edith Lacerda (autora e professora, CEAT, Rio de Janeiro, RJ)<\/li>\n<li>Marlene Ara\u00fajo (professora, CEAT, Rio de Janeiro, RJ)<\/li>\n<li>Monica Aquino (professora, CEAT, Rio de Janeiro, RJ)<\/li>\n<li>Nilson Sant\u2019Anna (professor, CEAT, Rio de Janeiro, RJ)<\/li>\n<li>Ninfa Parreiras (autora e professora, CEAT, Rio de Janeiro, RJ)<\/li>\n<li>Oswaldo Teixeira (autor e professor, CEAT, Rio de Janeiro, RJ)<\/li>\n<li>Regina Porto (autora e mediadora de leitura, coordenadora do projeto Viva e Deixe Viver; Rio de Janeiro, RJ)<\/li>\n<li>Rubens Lima J\u00fanior (professor de teatro, UNI RIO, Rio de Janeiro, RJ)<\/li>\n<li>Simone Muniz (professora, CEAT, Rio de Janeiro, RJ)<\/li>\n<li>Sonia Rosa (autora e professora, Rio de Janeiro, RJ)<\/li>\n<\/ul>\n<p><strong>Convidamos para a cerim\u00f4nia da apresenta\u00e7\u00e3o dos textos e imagens selecionadas na 16\u00aa FLIST, dia 19 de maio, 11h, no Museu Hist\u00f3rico da Cidade \u2013 MHC, G\u00e1vea, Rio de Janeiro, RJ.<\/strong><\/p>\n<p>[\/et_pb_text][\/et_pb_column][\/et_pb_row][\/et_pb_section]<\/p>\n","protected":false},"excerpt":{"rendered":"<p>CONCURSO CEAT para a FLIST 2024, homenagem a Gilberto Gil\u00a0 O Centro Educacional An\u00edsio Teixeira \u2013 CEAT organiza a 16\u00aa Festa Liter\u00e1ria de Santa Teresa &#8211; FLIST Textos e imagens selecionadas para a Revista Chave da Torre on line da autoria de:\u00a0\u00a0Contos1\u00ba lugar: Elisangela Batista Barbosa Finalistas: Anilton Candido TrancosoCarmen BelmontEduardo da Concei\u00e7\u00e3o SoutoEvandro Valentim [&hellip;]<\/p>\n","protected":false},"author":1,"featured_media":0,"parent":0,"menu_order":0,"comment_status":"closed","ping_status":"closed","template":"","meta":{"_et_pb_use_builder":"on","_et_pb_old_content":"","_et_gb_content_width":"","footnotes":""},"class_list":["post-16080","page","type-page","status-publish","hentry"],"_links":{"self":[{"href":"https:\/\/flist.org.br\/index.php\/wp-json\/wp\/v2\/pages\/16080","targetHints":{"allow":["GET"]}}],"collection":[{"href":"https:\/\/flist.org.br\/index.php\/wp-json\/wp\/v2\/pages"}],"about":[{"href":"https:\/\/flist.org.br\/index.php\/wp-json\/wp\/v2\/types\/page"}],"author":[{"embeddable":true,"href":"https:\/\/flist.org.br\/index.php\/wp-json\/wp\/v2\/users\/1"}],"replies":[{"embeddable":true,"href":"https:\/\/flist.org.br\/index.php\/wp-json\/wp\/v2\/comments?post=16080"}],"version-history":[{"count":7,"href":"https:\/\/flist.org.br\/index.php\/wp-json\/wp\/v2\/pages\/16080\/revisions"}],"predecessor-version":[{"id":16099,"href":"https:\/\/flist.org.br\/index.php\/wp-json\/wp\/v2\/pages\/16080\/revisions\/16099"}],"wp:attachment":[{"href":"https:\/\/flist.org.br\/index.php\/wp-json\/wp\/v2\/media?parent=16080"}],"curies":[{"name":"wp","href":"https:\/\/api.w.org\/{rel}","templated":true}]}}