{"id":16029,"date":"2024-02-15T16:21:16","date_gmt":"2024-02-15T19:21:16","guid":{"rendered":"https:\/\/flist.org.br\/?page_id=16029"},"modified":"2024-04-15T19:09:58","modified_gmt":"2024-04-15T22:09:58","slug":"ficha-de-inscricao","status":"publish","type":"page","link":"https:\/\/flist.org.br\/index.php\/ficha-de-inscricao\/","title":{"rendered":"Ficha de inscri\u00e7\u00e3o"},"content":{"rendered":"<p>[et_pb_section fb_built=&#8221;1&#8243; _builder_version=&#8221;4.24.0&#8243; _module_preset=&#8221;default&#8221; global_colors_info=&#8221;{}&#8221;][et_pb_row _builder_version=&#8221;4.24.3&#8243; _module_preset=&#8221;default&#8221; width=&#8221;7090%&#8221; max_width=&#8221;70%&#8221; hover_enabled=&#8221;0&#8243; global_colors_info=&#8221;{}&#8221; sticky_enabled=&#8221;0&#8243; use_custom_gutter=&#8221;on&#8221; gutter_width=&#8221;1&#8243;][et_pb_column type=&#8221;4_4&#8243; _builder_version=&#8221;4.24.0&#8243; _module_preset=&#8221;default&#8221; global_colors_info=&#8221;{}&#8221;][et_pb_text _builder_version=&#8221;4.24.0&#8243; _module_preset=&#8221;default&#8221; global_colors_info=&#8221;{}&#8221;]<\/p>\n<p><strong>Regulamento Concurso CEAT: textos e desenhos para a Festa Liter\u00e1ria de Santa Teresa \u2013 FLIST 2024<\/strong><strong>\u00a0<\/strong><\/p>\n<ol>\n<li><strong> <\/strong>O CEAT \u2013 Centro Educacional An\u00edsio Teixeira promove o Concurso <strong>\u201cCEAT: textos e desenhos para a FLIST 2024\u201d<\/strong> para a 16\u00aa FLIST (04 e 05 de maio de 2024), que visa despertar talentos liter\u00e1rios e art\u00edsticos, promover a literatura e homenagear Gilberto Gil (compositor, escritor, letrista e m\u00fasico) e a fam\u00edlia Gil.<\/li>\n<li><strong> <\/strong>Est\u00e3o habilitadas a participar do concurso pessoas residentes no Brasil; pessoas brasileiras residentes no exterior; e cidad\u00e3os da CPLP (Comunidade dos Pa\u00edses de L\u00edngua Portuguesa) com idade acima de 10 anos. Obs.: \u00c9 vedada a participa\u00e7\u00e3o de membros da equipe FLIST.<\/li>\n<li><strong> <\/strong>O concurso ter\u00e1 duas modalidades. A saber: <br \/>\u00a0 \u00a0 \u00a05.1. <strong>Modalidade Escrita<\/strong>: para textos inspirados na obra de Gilberto Gil, em l\u00edngua portuguesa. <br \/>\u00a0 \u00a0 \u00a05.2. <strong>Modalidade Desenho<\/strong> (em cores ou PB): para ilustra\u00e7\u00f5es de retrato ou caricatura de Gilberto Gil e\/ou fam\u00edlia.<\/li>\n<li><strong> <\/strong>Os textos dever\u00e3o ser de autoria do concorrente, e in\u00e9ditos, em l\u00edngua portuguesa.<\/li>\n<li><strong> <\/strong>A tem\u00e1tica dos textos \u00e9 livre, inspirada na obra de Gilberto Gil.<\/li>\n<li><strong> <\/strong>Cada participante poder\u00e1 inscrever-se na <strong>Modalidade Escrita<\/strong>, atrav\u00e9s da entrega de um texto em cada uma das categorias: conto, cr\u00f4nica, letra de can\u00e7\u00e3o ou poema, podendo inscrever-se em apenas uma delas ou em quantas desejar\u200b. E tamb\u00e9m se inscrever na <strong>Modalidade Desenho<\/strong>, ilustra\u00e7\u00e3o de retrato, caricatura e outras express\u00f5es art\u00edsticas (bordado, colagem etc.).<\/li>\n<\/ol>\n<p>Obs: Se o participante tiver menos de 18 anos, sua inscri\u00e7\u00e3o deve vir acompanhada de autoriza\u00e7\u00e3o expressa de um respons\u00e1vel (Anexo 2).<\/p>\n<ol start=\"7\">\n<li><strong> <\/strong>Respeitar as inscri\u00e7\u00f5es de acordo com as modalidades previstas. As cr\u00f4nicas, os contos, as letras de can\u00e7\u00e3o e os poemas dever\u00e3o ter, no m\u00e1ximo, 1 (uma) p\u00e1gina, digitadas em espa\u00e7o 1,5, utilizando a letra Arial 12, margens superiores, inferiores, esquerda e direita m\u00ednimas de 1,5 cm, em folha A4.<\/li>\n<li><strong> <\/strong>\u00c9 obrigat\u00f3rio o uso de pseud\u00f4nimo\u200b, que dever\u00e1 ser colocado no alto da primeira p\u00e1gina de cada texto. O pseud\u00f4nimo escolhido dever\u00e1 ser diferente do nome verdadeiro do concorrente.<\/li>\n<li><strong> <\/strong>Junto ao pseud\u00f4nimo, o texto dever\u00e1 vir identificado no alto da primeira p\u00e1gina, com a modalidade e categoria da inscri\u00e7\u00e3o.<\/li>\n<li><strong> <\/strong>Acompanhando os textos e\/ou desenhos \u2014 que dever\u00e3o ser entregues em tr\u00eas c\u00f3pias em papel, devidamente identificados com o pseud\u00f4nimo, a modalidade e a categoria da inscri\u00e7\u00e3o \u2014 dever\u00e1 constar <strong>um envelope lacrado, identificado com o pseud\u00f4nimo, acompanhado da ficha de inscri\u00e7\u00e3o (Anexo I) e da autoriza\u00e7\u00e3o (Anexo II)<\/strong>.<\/li>\n<li><strong> <\/strong>O material (c\u00f3pias do texto, do desenho e envelope lacrado com a ficha de inscri\u00e7\u00e3o e autoriza\u00e7\u00e3o) dever\u00e1 ser entregue dentro de um envelope grande (A4 ou Of\u00edcio).<\/li>\n<li><strong> <\/strong>O prazo para as inscri\u00e7\u00f5es termina, impreterivelmente, <strong>24 de mar\u00e7o de 2024<\/strong>. Os envelopes com os textos e desenhos concorrentes devem ser enviados: a) pelo Correio, para o CEAT (Rua Almirante Alexandrino, 4098, Santa Teresa, Rio de Janeiro, RJ, CEP: 20241-266); ou b) por inscri\u00e7\u00e3o eletr\u00f4nica no site da FLIST: <a href=\"http:\/\/www.flist.org.br\">flist.org.br<\/a> A data de inscri\u00e7\u00e3o ser\u00e1 a da postagem ou do envio do material.<\/li>\n<li><strong> <\/strong>Para os originais enviados atrav\u00e9s do site: Todos os arquivos de texto devem ser encaminhados em arquivo doc. A imagem deve ter, no m\u00ednimo, 300 dpis. A remessa deve ter, em um arquivo diferente, todos os requisitos do Item 10 deste edital (Anexo I e Anexo II).<\/li>\n<li><strong> <\/strong>O julgamento dos trabalhos ser\u00e1 realizado por uma comiss\u00e3o indicada pela equipe FLIST.<\/li>\n<li><strong> <\/strong>Os trabalhos selecionados em cada modalidade ser\u00e3o organizados em uma publica\u00e7\u00e3o virtual, a ser lan\u00e7ada na FLIST 2024 (sem fins lucrativos, em car\u00e1ter de divulga\u00e7\u00e3o) e divulgada no site do CEAT. A edi\u00e7\u00e3o poder\u00e1 ser colorida.<\/li>\n<li><strong> <\/strong>O resultado do concurso ser\u00e1 divulgado nas redes sociais utilizadas pelo CEAT.<\/li>\n<li><strong> <\/strong>N\u00e3o haver\u00e1, em nenhuma hip\u00f3tese, devolu\u00e7\u00e3o dos textos e desenhos concorrentes.<\/li>\n<li><strong> <\/strong>As decis\u00f5es da comiss\u00e3o julgadora s\u00e3o soberanas. N\u00e3o ser\u00e1 dado parecer aos trabalhos inscritos.<\/li>\n<li><strong> <\/strong>Os casos omissos neste regulamento ser\u00e3o resolvidos pela dire\u00e7\u00e3o do CEAT e equipe FLIST.<\/li>\n<li><strong> <\/strong>Mais informa\u00e7\u00f5es podem ser obtidas junto ao CEAT: <a href=\"mailto:flistceat@gmail.com\">flistceat@gmail.com<\/a><\/li>\n<li><strong> <\/strong>A participa\u00e7\u00e3o neste Concurso implica a aceita\u00e7\u00e3o total e irrestrita de todos os itens deste Regulamento.<\/li>\n<li><strong> <\/strong>Os textos vencedores ser\u00e3o apresentados na 16\u00aa FLIST (dias 04 e 05 de maio de 2024).<\/li>\n<li><strong> <\/strong>Os autores premiados concordam desde j\u00e1 em ceder integralmente ao CEAT, de forma gratuita, os direitos autorais dos trabalhos correspondentes a esta exclusiva edi\u00e7\u00e3o que homenageia a obra de Gilberto Gil.<\/li>\n<li><strong> <\/strong>O regulamento completo do Concurso CEAT 50 anos est\u00e1 dispon\u00edvel no site do CEAT: <a href=\"http:\/\/www.ceat.org.br\">ceat.org.br<\/a> e da FLIST: <a href=\"mailto:flistceat@gmail.com\">flistceat@gmail.com<\/a><\/li>\n<\/ol>\n<p>[\/et_pb_text][et_pb_cta button_url=&#8221;https:\/\/flist.org.br\/wp-content\/uploads\/2024\/03\/autorizacao.pdf&#8221; url_new_window=&#8221;on&#8221; button_text=&#8221;Baixe aqui o modelo de autoriza\u00e7\u00e3o&#8221; _builder_version=&#8221;4.24.2&#8243; _module_preset=&#8221;default&#8221; header_font=&#8221;|600|||||||&#8221; header_text_color=&#8221;#7c0130&#8243; body_text_color=&#8221;#7c0130&#8243; background_color=&#8221;RGBA(255,255,255,0)&#8221; custom_button=&#8221;on&#8221; button_text_color=&#8221;#7c0130&#8243; button_border_width=&#8221;1px&#8221; custom_margin=&#8221;||8px|||&#8221; custom_padding=&#8221;10px||10px||false|false&#8221; border_radii=&#8221;on|25px|25px|25px|25px&#8221; border_color_all=&#8221;#af116b&#8221; global_colors_info=&#8221;{}&#8221;]<\/p>\n<p><strong>imprima, assine a autoriza\u00e7\u00e3o e nos envie atrav\u00e9s do formul\u00e1rio &#8220;Envio de autoriza\u00e7\u00e3o&#8221;<\/strong><\/p>\n<p>[\/et_pb_cta][et_pb_cta button_url=&#8221;https:\/\/flist.org.br\/wp-content\/uploads\/2024\/03\/autorizacaomenor.pdf&#8221; url_new_window=&#8221;on&#8221; button_text=&#8221;Baixe aqui o modelo de autoriza\u00e7\u00e3o de menor&#8221; _builder_version=&#8221;4.24.2&#8243; _module_preset=&#8221;default&#8221; header_font=&#8221;|600|||||||&#8221; header_text_color=&#8221;#7c0130&#8243; body_text_color=&#8221;#7c0130&#8243; background_color=&#8221;RGBA(255,255,255,0)&#8221; custom_button=&#8221;on&#8221; button_text_color=&#8221;#7c0130&#8243; button_border_width=&#8221;1px&#8221; custom_padding=&#8221;10px||10px||false|false&#8221; border_radii=&#8221;on|25px|25px|25px|25px&#8221; border_color_all=&#8221;#af116b&#8221; global_colors_info=&#8221;{}&#8221;][\/et_pb_cta][\/et_pb_column][\/et_pb_row][\/et_pb_section]<\/p>\n","protected":false},"excerpt":{"rendered":"<p>Regulamento Concurso CEAT: textos e desenhos para a Festa Liter\u00e1ria de Santa Teresa \u2013 FLIST 2024\u00a0 O CEAT \u2013 Centro Educacional An\u00edsio Teixeira promove o Concurso \u201cCEAT: textos e desenhos para a FLIST 2024\u201d para a 16\u00aa FLIST (04 e 05 de maio de 2024), que visa despertar talentos liter\u00e1rios e art\u00edsticos, promover a literatura [&hellip;]<\/p>\n","protected":false},"author":1,"featured_media":0,"parent":0,"menu_order":0,"comment_status":"closed","ping_status":"closed","template":"","meta":{"_et_pb_use_builder":"on","_et_pb_old_content":"","_et_gb_content_width":"","footnotes":""},"class_list":["post-16029","page","type-page","status-publish","hentry"],"_links":{"self":[{"href":"https:\/\/flist.org.br\/index.php\/wp-json\/wp\/v2\/pages\/16029","targetHints":{"allow":["GET"]}}],"collection":[{"href":"https:\/\/flist.org.br\/index.php\/wp-json\/wp\/v2\/pages"}],"about":[{"href":"https:\/\/flist.org.br\/index.php\/wp-json\/wp\/v2\/types\/page"}],"author":[{"embeddable":true,"href":"https:\/\/flist.org.br\/index.php\/wp-json\/wp\/v2\/users\/1"}],"replies":[{"embeddable":true,"href":"https:\/\/flist.org.br\/index.php\/wp-json\/wp\/v2\/comments?post=16029"}],"version-history":[{"count":16,"href":"https:\/\/flist.org.br\/index.php\/wp-json\/wp\/v2\/pages\/16029\/revisions"}],"predecessor-version":[{"id":16091,"href":"https:\/\/flist.org.br\/index.php\/wp-json\/wp\/v2\/pages\/16029\/revisions\/16091"}],"wp:attachment":[{"href":"https:\/\/flist.org.br\/index.php\/wp-json\/wp\/v2\/media?parent=16029"}],"curies":[{"name":"wp","href":"https:\/\/api.w.org\/{rel}","templated":true}]}}